{"id":204,"date":"2020-05-04T09:35:09","date_gmt":"2020-05-04T09:35:09","guid":{"rendered":"http:\/\/www.geriatricconsulting.eu\/newweb\/?page_id=204"},"modified":"2020-05-04T10:52:03","modified_gmt":"2020-05-04T10:52:03","slug":"compra-venta","status":"publish","type":"page","link":"https:\/\/www.geriatricconsulting.eu\/newweb\/compra-venta\/","title":{"rendered":"Compra-venta"},"content":{"rendered":"\t\t<div data-elementor-type=\"wp-page\" data-elementor-id=\"204\" class=\"elementor elementor-204\" data-elementor-post-type=\"page\">\n\t\t\t\t\t\t<section class=\"elementor-section elementor-top-section elementor-element elementor-element-e62adb8 elementor-section-height-min-height elementor-section-boxed elementor-section-height-default elementor-section-items-middle\" data-id=\"e62adb8\" data-element_type=\"section\" data-settings=\"{&quot;background_background&quot;:&quot;classic&quot;,&quot;shape_divider_bottom&quot;:&quot;mountains&quot;}\">\n\t\t\t\t\t<div class=\"elementor-shape elementor-shape-bottom\" aria-hidden=\"true\" data-negative=\"false\">\n\t\t\t<svg xmlns=\"http:\/\/www.w3.org\/2000\/svg\" viewBox=\"0 0 1000 100\" preserveAspectRatio=\"none\">\n\t<path class=\"elementor-shape-fill\" opacity=\"0.33\" d=\"M473,67.3c-203.9,88.3-263.1-34-320.3,0C66,119.1,0,59.7,0,59.7V0h1000v59.7 c0,0-62.1,26.1-94.9,29.3c-32.8,3.3-62.8-12.3-75.8-22.1C806,49.6,745.3,8.7,694.9,4.7S492.4,59,473,67.3z\"\/>\n\t<path class=\"elementor-shape-fill\" opacity=\"0.66\" d=\"M734,67.3c-45.5,0-77.2-23.2-129.1-39.1c-28.6-8.7-150.3-10.1-254,39.1 s-91.7-34.4-149.2,0C115.7,118.3,0,39.8,0,39.8V0h1000v36.5c0,0-28.2-18.5-92.1-18.5C810.2,18.1,775.7,67.3,734,67.3z\"\/>\n\t<path class=\"elementor-shape-fill\" d=\"M766.1,28.9c-200-57.5-266,65.5-395.1,19.5C242,1.8,242,5.4,184.8,20.6C128,35.8,132.3,44.9,89.9,52.5C28.6,63.7,0,0,0,0 h1000c0,0-9.9,40.9-83.6,48.1S829.6,47,766.1,28.9z\"\/>\n<\/svg>\t\t<\/div>\n\t\t\t\t\t<div class=\"elementor-container elementor-column-gap-default\">\n\t\t\t\t\t<div class=\"elementor-column elementor-col-100 elementor-top-column elementor-element elementor-element-217fef8\" data-id=\"217fef8\" data-element_type=\"column\">\n\t\t\t<div class=\"elementor-widget-wrap elementor-element-populated\">\n\t\t\t\t\t\t<div class=\"elementor-element elementor-element-326bbe1 elementor-widget elementor-widget-heading\" data-id=\"326bbe1\" data-element_type=\"widget\" data-widget_type=\"heading.default\">\n\t\t\t\t<div class=\"elementor-widget-container\">\n\t\t\t\t\t<h3 class=\"elementor-heading-title elementor-size-large\">Compra-venta<\/h3>\t\t\t\t<\/div>\n\t\t\t\t<\/div>\n\t\t\t\t\t<\/div>\n\t\t<\/div>\n\t\t\t\t\t<\/div>\n\t\t<\/section>\n\t\t\t\t<section class=\"elementor-section elementor-top-section elementor-element elementor-element-2cccc2d8 elementor-section-boxed elementor-section-height-default elementor-section-height-default\" data-id=\"2cccc2d8\" data-element_type=\"section\">\n\t\t\t\t\t\t<div class=\"elementor-container elementor-column-gap-default\">\n\t\t\t\t\t<div class=\"elementor-column elementor-col-100 elementor-top-column elementor-element elementor-element-6ac993c5\" data-id=\"6ac993c5\" data-element_type=\"column\">\n\t\t\t<div class=\"elementor-widget-wrap elementor-element-populated\">\n\t\t\t\t\t\t<div class=\"elementor-element elementor-element-3c95d659 elementor-invisible elementor-widget elementor-widget-text-editor\" data-id=\"3c95d659\" data-element_type=\"widget\" data-settings=\"{&quot;_animation&quot;:&quot;fadeInUp&quot;}\" data-widget_type=\"text-editor.default\">\n\t\t\t\t<div class=\"elementor-widget-container\">\n\t\t\t\t\t\t\t\t\t<h3>En <strong>GeriatricConsulting<\/strong> intermediamos <br \/>en la <strong>compra venta y alquiler de centros residenciales<\/strong>.<\/h3><h3>Tenemos una selecci\u00f3n de las mejores oportunidades del mercado <br \/>tanto de venta como de alquiler.<\/h3>\t\t\t\t\t\t\t\t<\/div>\n\t\t\t\t<\/div>\n\t\t\t\t<div class=\"elementor-element elementor-element-9ad0a07 elementor-align-center elementor-invisible elementor-widget elementor-widget-button\" data-id=\"9ad0a07\" data-element_type=\"widget\" data-settings=\"{&quot;_animation&quot;:&quot;fadeInUp&quot;}\" data-widget_type=\"button.default\">\n\t\t\t\t<div class=\"elementor-widget-container\">\n\t\t\t\t\t\t\t\t\t<div class=\"elementor-button-wrapper\">\n\t\t\t\t\t<a class=\"elementor-button elementor-button-link elementor-size-xl\" href=\"http:\/\/www.geriatricconsulting.eu\/newweb\/contacto\/\">\n\t\t\t\t\t\t<span class=\"elementor-button-content-wrapper\">\n\t\t\t\t\t\t\t\t\t<span class=\"elementor-button-text\">Contacte con nosotros<\/span>\n\t\t\t\t\t<\/span>\n\t\t\t\t\t<\/a>\n\t\t\t\t<\/div>\n\t\t\t\t\t\t\t\t<\/div>\n\t\t\t\t<\/div>\n\t\t\t\t\t<\/div>\n\t\t<\/div>\n\t\t\t\t\t<\/div>\n\t\t<\/section>\n\t\t\t\t<section class=\"elementor-section elementor-top-section elementor-element elementor-element-8a901bc elementor-section-boxed elementor-section-height-default elementor-section-height-default\" data-id=\"8a901bc\" data-element_type=\"section\">\n\t\t\t\t\t\t<div class=\"elementor-container elementor-column-gap-default\">\n\t\t\t\t\t<div class=\"elementor-column elementor-col-100 elementor-top-column elementor-element elementor-element-5225cc1\" data-id=\"5225cc1\" data-element_type=\"column\">\n\t\t\t<div class=\"elementor-widget-wrap\">\n\t\t\t\t\t\t\t<\/div>\n\t\t<\/div>\n\t\t\t\t\t<\/div>\n\t\t<\/section>\n\t\t\t\t<section class=\"elementor-section elementor-top-section elementor-element elementor-element-3ab123a elementor-section-height-min-height elementor-section-boxed elementor-section-height-default elementor-section-items-middle elementor-invisible\" data-id=\"3ab123a\" data-element_type=\"section\" data-settings=\"{&quot;background_background&quot;:&quot;classic&quot;,&quot;shape_divider_bottom&quot;:&quot;mountains&quot;,&quot;shape_divider_top&quot;:&quot;mountains&quot;,&quot;animation&quot;:&quot;fadeInUp&quot;}\">\n\t\t\t\t\t\t\t<div class=\"elementor-background-overlay\"><\/div>\n\t\t\t\t\t\t<div class=\"elementor-shape elementor-shape-top\" aria-hidden=\"true\" data-negative=\"false\">\n\t\t\t<svg xmlns=\"http:\/\/www.w3.org\/2000\/svg\" viewBox=\"0 0 1000 100\" preserveAspectRatio=\"none\">\n\t<path class=\"elementor-shape-fill\" opacity=\"0.33\" d=\"M473,67.3c-203.9,88.3-263.1-34-320.3,0C66,119.1,0,59.7,0,59.7V0h1000v59.7 c0,0-62.1,26.1-94.9,29.3c-32.8,3.3-62.8-12.3-75.8-22.1C806,49.6,745.3,8.7,694.9,4.7S492.4,59,473,67.3z\"\/>\n\t<path class=\"elementor-shape-fill\" opacity=\"0.66\" d=\"M734,67.3c-45.5,0-77.2-23.2-129.1-39.1c-28.6-8.7-150.3-10.1-254,39.1 s-91.7-34.4-149.2,0C115.7,118.3,0,39.8,0,39.8V0h1000v36.5c0,0-28.2-18.5-92.1-18.5C810.2,18.1,775.7,67.3,734,67.3z\"\/>\n\t<path class=\"elementor-shape-fill\" d=\"M766.1,28.9c-200-57.5-266,65.5-395.1,19.5C242,1.8,242,5.4,184.8,20.6C128,35.8,132.3,44.9,89.9,52.5C28.6,63.7,0,0,0,0 h1000c0,0-9.9,40.9-83.6,48.1S829.6,47,766.1,28.9z\"\/>\n<\/svg>\t\t<\/div>\n\t\t\t\t<div class=\"elementor-shape elementor-shape-bottom\" aria-hidden=\"true\" data-negative=\"false\">\n\t\t\t<svg xmlns=\"http:\/\/www.w3.org\/2000\/svg\" viewBox=\"0 0 1000 100\" preserveAspectRatio=\"none\">\n\t<path class=\"elementor-shape-fill\" opacity=\"0.33\" d=\"M473,67.3c-203.9,88.3-263.1-34-320.3,0C66,119.1,0,59.7,0,59.7V0h1000v59.7 c0,0-62.1,26.1-94.9,29.3c-32.8,3.3-62.8-12.3-75.8-22.1C806,49.6,745.3,8.7,694.9,4.7S492.4,59,473,67.3z\"\/>\n\t<path class=\"elementor-shape-fill\" opacity=\"0.66\" d=\"M734,67.3c-45.5,0-77.2-23.2-129.1-39.1c-28.6-8.7-150.3-10.1-254,39.1 s-91.7-34.4-149.2,0C115.7,118.3,0,39.8,0,39.8V0h1000v36.5c0,0-28.2-18.5-92.1-18.5C810.2,18.1,775.7,67.3,734,67.3z\"\/>\n\t<path class=\"elementor-shape-fill\" d=\"M766.1,28.9c-200-57.5-266,65.5-395.1,19.5C242,1.8,242,5.4,184.8,20.6C128,35.8,132.3,44.9,89.9,52.5C28.6,63.7,0,0,0,0 h1000c0,0-9.9,40.9-83.6,48.1S829.6,47,766.1,28.9z\"\/>\n<\/svg>\t\t<\/div>\n\t\t\t\t\t<div class=\"elementor-container elementor-column-gap-default\">\n\t\t\t\t\t<div class=\"elementor-column elementor-col-100 elementor-top-column elementor-element elementor-element-c81fa1b\" data-id=\"c81fa1b\" data-element_type=\"column\">\n\t\t\t<div class=\"elementor-widget-wrap elementor-element-populated\">\n\t\t\t\t\t\t<div class=\"elementor-element elementor-element-dc98ce2 elementor-invisible elementor-widget elementor-widget-heading\" data-id=\"dc98ce2\" data-element_type=\"widget\" data-settings=\"{&quot;_animation&quot;:&quot;fadeInUp&quot;}\" data-widget_type=\"heading.default\">\n\t\t\t\t<div class=\"elementor-widget-container\">\n\t\t\t\t\t<h5 class=\"elementor-heading-title elementor-size-large\">Nuestra funci\u00f3n es ayudar a la continua mejora del negocio para ser m\u00e1s competitivos, ofrecer la mejor calidad y lograr la satisfacci\u00f3n del cliente y de sus familiares.<\/h5>\t\t\t\t<\/div>\n\t\t\t\t<\/div>\n\t\t\t\t\t<\/div>\n\t\t<\/div>\n\t\t\t\t\t<\/div>\n\t\t<\/section>\n\t\t\t\t<\/div>\n\t\t","protected":false},"excerpt":{"rendered":"<p>Compra-venta En GeriatricConsulting intermediamos en la compra venta y alquiler de centros residenciales. Tenemos una selecci\u00f3n de las mejores oportunidades del mercado tanto de venta como de alquiler. Contacte con nosotros Nuestra funci\u00f3n es ayudar a la continua mejora del negocio para ser m\u00e1s competitivos, ofrecer la mejor calidad y lograr la satisfacci\u00f3n del cliente [&hellip;]<\/p>\n","protected":false},"author":1,"featured_media":0,"parent":0,"menu_order":0,"comment_status":"closed","ping_status":"closed","template":"elementor_header_footer","meta":{"footnotes":""},"class_list":["post-204","page","type-page","status-publish","hentry"],"yoast_head":"<!-- This site is optimized with the Yoast SEO plugin v19.11 - https:\/\/yoast.com\/wordpress\/plugins\/seo\/ -->\n<title>Compra-venta - GERIATRIC CONSULTING<\/title>\n<meta name=\"robots\" content=\"index, follow, max-snippet:-1, max-image-preview:large, max-video-preview:-1\" \/>\n<link rel=\"canonical\" href=\"https:\/\/www.geriatricconsulting.eu\/newweb\/compra-venta\/\" \/>\n<meta property=\"og:locale\" content=\"es_ES\" \/>\n<meta property=\"og:type\" content=\"article\" \/>\n<meta property=\"og:title\" content=\"Compra-venta - GERIATRIC CONSULTING\" \/>\n<meta property=\"og:description\" content=\"Compra-venta En GeriatricConsulting intermediamos en la compra venta y alquiler de centros residenciales. Tenemos una selecci\u00f3n de las mejores oportunidades del mercado tanto de venta como de alquiler. Contacte con nosotros Nuestra funci\u00f3n es ayudar a la continua mejora del negocio para ser m\u00e1s competitivos, ofrecer la mejor calidad y lograr la satisfacci\u00f3n del cliente [&hellip;]\" \/>\n<meta property=\"og:url\" content=\"https:\/\/www.geriatricconsulting.eu\/newweb\/compra-venta\/\" \/>\n<meta property=\"og:site_name\" content=\"GERIATRIC CONSULTING\" \/>\n<meta property=\"article:modified_time\" content=\"2020-05-04T10:52:03+00:00\" \/>\n<meta name=\"twitter:card\" content=\"summary_large_image\" \/>\n<script type=\"application\/ld+json\" class=\"yoast-schema-graph\">{\"@context\":\"https:\/\/schema.org\",\"@graph\":[{\"@type\":\"WebPage\",\"@id\":\"https:\/\/www.geriatricconsulting.eu\/newweb\/compra-venta\/\",\"url\":\"https:\/\/www.geriatricconsulting.eu\/newweb\/compra-venta\/\",\"name\":\"Compra-venta - GERIATRIC CONSULTING\",\"isPartOf\":{\"@id\":\"https:\/\/www.geriatricconsulting.eu\/newweb\/#website\"},\"datePublished\":\"2020-05-04T09:35:09+00:00\",\"dateModified\":\"2020-05-04T10:52:03+00:00\",\"breadcrumb\":{\"@id\":\"https:\/\/www.geriatricconsulting.eu\/newweb\/compra-venta\/#breadcrumb\"},\"inLanguage\":\"es\",\"potentialAction\":[{\"@type\":\"ReadAction\",\"target\":[\"https:\/\/www.geriatricconsulting.eu\/newweb\/compra-venta\/\"]}]},{\"@type\":\"BreadcrumbList\",\"@id\":\"https:\/\/www.geriatricconsulting.eu\/newweb\/compra-venta\/#breadcrumb\",\"itemListElement\":[{\"@type\":\"ListItem\",\"position\":1,\"name\":\"Portada\",\"item\":\"https:\/\/www.geriatricconsulting.eu\/newweb\/\"},{\"@type\":\"ListItem\",\"position\":2,\"name\":\"Compra-venta\"}]},{\"@type\":\"WebSite\",\"@id\":\"https:\/\/www.geriatricconsulting.eu\/newweb\/#website\",\"url\":\"https:\/\/www.geriatricconsulting.eu\/newweb\/\",\"name\":\"GERIATRIC CONSULTING\",\"description\":\"Consultor\u00eda en gesti\u00f3n geri\u00e1trica\",\"publisher\":{\"@id\":\"https:\/\/www.geriatricconsulting.eu\/newweb\/#organization\"},\"potentialAction\":[{\"@type\":\"SearchAction\",\"target\":{\"@type\":\"EntryPoint\",\"urlTemplate\":\"https:\/\/www.geriatricconsulting.eu\/newweb\/?s={search_term_string}\"},\"query-input\":\"required name=search_term_string\"}],\"inLanguage\":\"es\"},{\"@type\":\"Organization\",\"@id\":\"https:\/\/www.geriatricconsulting.eu\/newweb\/#organization\",\"name\":\"GERIATRIC CONSULTING\",\"url\":\"https:\/\/www.geriatricconsulting.eu\/newweb\/\",\"logo\":{\"@type\":\"ImageObject\",\"inLanguage\":\"es\",\"@id\":\"https:\/\/www.geriatricconsulting.eu\/newweb\/#\/schema\/logo\/image\/\",\"url\":\"https:\/\/www.geriatricconsulting.eu\/newweb\/wp-content\/uploads\/2020\/04\/cropped-geriatricconsulting-eu-logo-1.png\",\"contentUrl\":\"https:\/\/www.geriatricconsulting.eu\/newweb\/wp-content\/uploads\/2020\/04\/cropped-geriatricconsulting-eu-logo-1.png\",\"width\":210,\"height\":60,\"caption\":\"GERIATRIC CONSULTING\"},\"image\":{\"@id\":\"https:\/\/www.geriatricconsulting.eu\/newweb\/#\/schema\/logo\/image\/\"}}]}<\/script>\n<!-- \/ Yoast SEO plugin. -->","yoast_head_json":{"title":"Compra-venta - GERIATRIC CONSULTING","robots":{"index":"index","follow":"follow","max-snippet":"max-snippet:-1","max-image-preview":"max-image-preview:large","max-video-preview":"max-video-preview:-1"},"canonical":"https:\/\/www.geriatricconsulting.eu\/newweb\/compra-venta\/","og_locale":"es_ES","og_type":"article","og_title":"Compra-venta - GERIATRIC CONSULTING","og_description":"Compra-venta En GeriatricConsulting intermediamos en la compra venta y alquiler de centros residenciales. Tenemos una selecci\u00f3n de las mejores oportunidades del mercado tanto de venta como de alquiler. Contacte con nosotros Nuestra funci\u00f3n es ayudar a la continua mejora del negocio para ser m\u00e1s competitivos, ofrecer la mejor calidad y lograr la satisfacci\u00f3n del cliente [&hellip;]","og_url":"https:\/\/www.geriatricconsulting.eu\/newweb\/compra-venta\/","og_site_name":"GERIATRIC CONSULTING","article_modified_time":"2020-05-04T10:52:03+00:00","twitter_card":"summary_large_image","schema":{"@context":"https:\/\/schema.org","@graph":[{"@type":"WebPage","@id":"https:\/\/www.geriatricconsulting.eu\/newweb\/compra-venta\/","url":"https:\/\/www.geriatricconsulting.eu\/newweb\/compra-venta\/","name":"Compra-venta - GERIATRIC CONSULTING","isPartOf":{"@id":"https:\/\/www.geriatricconsulting.eu\/newweb\/#website"},"datePublished":"2020-05-04T09:35:09+00:00","dateModified":"2020-05-04T10:52:03+00:00","breadcrumb":{"@id":"https:\/\/www.geriatricconsulting.eu\/newweb\/compra-venta\/#breadcrumb"},"inLanguage":"es","potentialAction":[{"@type":"ReadAction","target":["https:\/\/www.geriatricconsulting.eu\/newweb\/compra-venta\/"]}]},{"@type":"BreadcrumbList","@id":"https:\/\/www.geriatricconsulting.eu\/newweb\/compra-venta\/#breadcrumb","itemListElement":[{"@type":"ListItem","position":1,"name":"Portada","item":"https:\/\/www.geriatricconsulting.eu\/newweb\/"},{"@type":"ListItem","position":2,"name":"Compra-venta"}]},{"@type":"WebSite","@id":"https:\/\/www.geriatricconsulting.eu\/newweb\/#website","url":"https:\/\/www.geriatricconsulting.eu\/newweb\/","name":"GERIATRIC CONSULTING","description":"Consultor\u00eda en gesti\u00f3n geri\u00e1trica","publisher":{"@id":"https:\/\/www.geriatricconsulting.eu\/newweb\/#organization"},"potentialAction":[{"@type":"SearchAction","target":{"@type":"EntryPoint","urlTemplate":"https:\/\/www.geriatricconsulting.eu\/newweb\/?s={search_term_string}"},"query-input":"required name=search_term_string"}],"inLanguage":"es"},{"@type":"Organization","@id":"https:\/\/www.geriatricconsulting.eu\/newweb\/#organization","name":"GERIATRIC CONSULTING","url":"https:\/\/www.geriatricconsulting.eu\/newweb\/","logo":{"@type":"ImageObject","inLanguage":"es","@id":"https:\/\/www.geriatricconsulting.eu\/newweb\/#\/schema\/logo\/image\/","url":"https:\/\/www.geriatricconsulting.eu\/newweb\/wp-content\/uploads\/2020\/04\/cropped-geriatricconsulting-eu-logo-1.png","contentUrl":"https:\/\/www.geriatricconsulting.eu\/newweb\/wp-content\/uploads\/2020\/04\/cropped-geriatricconsulting-eu-logo-1.png","width":210,"height":60,"caption":"GERIATRIC CONSULTING"},"image":{"@id":"https:\/\/www.geriatricconsulting.eu\/newweb\/#\/schema\/logo\/image\/"}}]}},"_links":{"self":[{"href":"https:\/\/www.geriatricconsulting.eu\/newweb\/wp-json\/wp\/v2\/pages\/204","targetHints":{"allow":["GET"]}}],"collection":[{"href":"https:\/\/www.geriatricconsulting.eu\/newweb\/wp-json\/wp\/v2\/pages"}],"about":[{"href":"https:\/\/www.geriatricconsulting.eu\/newweb\/wp-json\/wp\/v2\/types\/page"}],"author":[{"embeddable":true,"href":"https:\/\/www.geriatricconsulting.eu\/newweb\/wp-json\/wp\/v2\/users\/1"}],"replies":[{"embeddable":true,"href":"https:\/\/www.geriatricconsulting.eu\/newweb\/wp-json\/wp\/v2\/comments?post=204"}],"version-history":[{"count":11,"href":"https:\/\/www.geriatricconsulting.eu\/newweb\/wp-json\/wp\/v2\/pages\/204\/revisions"}],"predecessor-version":[{"id":224,"href":"https:\/\/www.geriatricconsulting.eu\/newweb\/wp-json\/wp\/v2\/pages\/204\/revisions\/224"}],"wp:attachment":[{"href":"https:\/\/www.geriatricconsulting.eu\/newweb\/wp-json\/wp\/v2\/media?parent=204"}],"curies":[{"name":"wp","href":"https:\/\/api.w.org\/{rel}","templated":true}]}}